it of 537486?
3
What is the hundreds digit of 1624586?
5
What is the hundreds digit of 317650?
6
What is the ten thousands digit of 7057483?
5
What is the thousands digit of 27946302?
6
What is the millions digit of 1159614?
1
What is the units digit of 5638069?
9
What is the hundreds digit of 4989827?
8
What is the units digit of 3752063?
3
What is the hundreds digit of 644356?
3
What is the millions digit of 2555357?
2
What is the hundred thousands digit of 16283827?
2
What is the tens digit of 2402896?
9
What is the hundreds digit of 69047?
0
What is the hundreds digit of 2244708?
7
What is the thousands digit of 8398257?
8
What is the hundred thousands digit of 235666?
2
What is the hundreds digit of 1742097?
0
What is the hundred thousands digit of 478141?
4
What is the tens digit of 439086?
8
What is the units digit of 5801894?
4
What is the millions digit of 1531901?
1
What is the units digit of 4469443?
3
What is the millions digit of 9836792?
9
What is the tens digit of 11449788?
8
What is the tens digit of 5555486?
8
What is the hundreds digit of 6021975?
9
What is the units digit of 165723?
3
What is the ten thousands digit of 13847?
1
What is the ten thousands digit of 11094001?
9
What is the tens digit of 403940?
4
What is the ten thousands digit of 159603?
5
What is the millions digit of 2189974?
2
What is the ten thousands digit of 1997085?
9
What is the ten thousands digit of 630928?
3
What is the hundred thousands digit of 214882?
2
What is the ten thousands digit of 32957497?
5
What is the tens digit of 309866?
6
What is the thousands digit of 562554?
2
What is the ten thousands digit of 978774?
7
What is the tens digit of 251435?
3
What is the thousands digit of 387205?
7
What is the hundred thousands digit of 258873?
2
What is the thousands digit of 35560427?
0
What is the tens digit of 11178015?
1
What is the thousands digit of 200102?
0
What is the hundred thousands digit of 26784748?
7
What is the units digit of 149369?
9
What is the hundreds digit of 10500670?
6
What is the ten thousands digit of 581013?
8
What is the hundreds digit of 422407?
4
What is the units digit of 1018836?
6
What is the tens digit of 10532815?
1
What is the hundreds digit of 6331543?
5
What is the ten thousands digit of 431373?
3
What is the millions digit of 9143064?
9
What is the hundred thousands digit of 8747050?
7
What is the tens digit of 3333016?
1
What is the units digit of 5549355?
5
What is the hundred thousands digit of 24604930?
6
What is the thousands digit of 69510?
9
What is the units digit of 424108?
8
What is the units digit of 2157712?
2
What is the ten thousands digit of 2723731?
2
What is the ten thousands digit of 472796?
7
What is the thousands digit of 287414?
7
What is the units digit of 1183588?
8
What is the tens digit of 305208?
0
What is the thousands digit of 4350704?
0
What is the ten thousands digit of 2945698?
4
What is the ten thousands digit of 2784466?
8
What is the hundred thousands digit of 1054234?
0
What is the hundreds digit of 224608?
6
What is the thousands digit of 965771?
5
What is the units digit of 1674507?
7
What is the thousands digit of 544136?
4
What is the units digit of 483204?
4
What is the hundred thousands digit of 1409600?
4
What is the hundreds digit of 209080?
0
What is the thousands digit of 24368384?
8
What is the ten thousands digit of 356828?
5
What is the units digit of 1445354?
4
What is the ten thousands digit of 960052?
6
What is the units digit of 44488?
8
What is the thousands digit of 2599570?
9
What is the tens digit of 192516?
1
What is the tens digit of 108279?
7
What is the hundred thousands digit of 879320?
8
What is the thousands digit of 1806249?
6
What is the hundred thousands digit of 595188?
5
What is the thousands digit of 8239117?
9
What is the ten thousands digit of 3004253?
0
What is the thousands digit of 2301374?
1
What is the units digit of 14091681?
1
What is the hundreds digit of 5778234?
2
What is the tens digit of 1899448?
4
What is the tens digit of 120901?
0
What is the tens digit of 348723?
2
What is the tens digit of 346138?
3
What is the hundreds digit of 3335625?
6
What is the tens digit of 21841?
4
What is the hundreds digit of 10611725?
7
What is the ten thousands digit of 8278185?
7
What is the hundred thousands digit of 1902462?
9
What is the tens digit of 142917?
1
What is the millions digit of 3439931?
3
What is the thousands digit of 193552?
3
What is the tens digit of 48865?
6
What is the thousands digit of 348473?
8
What is the units digit of 891518?
8
What is the ten thousands digit of 258067?
5
What is the units digit of 981007?
7
What is the ten thousands digit of 4235195?
3
What is the ten thousands digit of 15125954?
2
What is the hundreds digit of 560695?
6
What is the units digit of 3421383?
3
What is the units digit of 959558?
8
What is the thousands digit of 47736?
7
What is the hundred thousands digit of 10805641?
8
What is the tens digit of 785111?
1
What is the millions digit of 3724531?
3
What is the ten thousands digit of 2179000?
7
What is the hundred thousands digit of 151271?
1
What is the thousands digit of 938576?
8
What is the millions digit of 2070053?
2
What is the ten thousands digit of 177652?
7
What is the hundred thousands digit of 3057684?
0
What is the hundred thousands digit of 2856719?
8
What is the tens digit of 300959?
5
What is the thousands digit of 393867?
3
What is the hundred thousands digit of 171010?
1
What is the tens digit of 449197?
9
What is the thousands digit of 70178?
0
What is the units digit of 93051?
1
What is the thousands digit of 12559827?
9
What is the units digit of 18390339?
9
What is the hundred thousands digit of 12432012?
4
What is the thousands digit of 1154662?
4
What is the units digit of 3570222?
2
What is the tens digit of 580739?
3
What is the hundred thousands digit of 2334177?
3
What is the ten thousands digit of 218747?
1
What is the thousands digit of 16966405?
6
What is the hundreds digit of 9826133?
1
What is the ten thousands digit of 1619407?
1
What is the units digit of 93146?
6
What is the hundreds digit of 430283?
2
What is the millions digit of 5056482?
5
What is the units digit of 8316?
6
What is the thousands digit of 97059?
7
What is the units digit of 573134?
4
What is the millions digit of 10305652?
0
What is the hundreds digit of 2894?
8
What is the thousands digit of 394723?
4
What is the ten thousands digit of 15847?
1
What is the hundreds digit of 1353464?
4
What is the millions digit of 1047705?
1
What is the hundreds digit of 50352?
3
What is the units digit of 7711?
1
What is the units digit of 3936299?
9
What is the hundreds digit of 793959?
9
What is the ten thousands digit of 272048?
7
What is the hundred thousands digit of 7532366?
5
What is the hundreds digit of 324834?
8
What is the ten thousands digit of 5360286?
6
What is the hundred thousands digit of 331793?
3
What is the hundred thousands digit of 5337359?
3
What is the hundred thousands digit of 2341879?
3
What is the thousands digit of 212003?
2
What is the hundred thousands digit of 1307580?
3
What is the millions digit of 1122901?
1
What is the units digit of 1643461?
1
What is the hundreds digit of 143670?
6
What is the millions digit of 18288746?
8
What is the millions digit of 28574196?
8
What is the ten thousands digit of 3603410?
0
What is the hundreds digit of 1030383?
3
What is the tens digit of 807712?
1
What is the hundreds digit of 6620189?
1
What is the hundreds digit of 188169?
1
What is the ten thousands digit of 160084?
6
What is the hundred thousands digit of 1215376?
2
What is the units digit of 107743?
3
What is the millions digit of 3434489?
3
What is the units digit of 277890?
0
What is the millions digit of 20234355?
0
What is the hundred thousands digit of 576642?
5
What is the hundreds digit of 1891308?
3
What is the millions digit of 1406928?
1
What is the tens digit of 3331071?
7
What is the units digit of 244451?
1
What is the thousands digit of 926562?
6
What is the hundred thousands digit of 206534?
2
What is the thousands digit of 3280256?
0
What is the thousands digit of 29563661?
3
What is the hundreds digit of 23850251?
2
What is the thousands digit of 750